 50.
46
-40 + 39 + -46 + 36
-11
Calculate 13 + -2 + 74 + (-48 - 64).
-27
Calculate (64 - 35 - 55) + 54.
28
What is (8 - (-11 - -8)) + -6 + -17 + 4 + 25?
17
What is -8 - (-73 - -13) - (0 - -9)?
43
7 + 30 + (7 - (7 + -3)) + -11
29
What is -47 - (-7 + 8 + 3) - (-149 + 158)?
-60
What is the value of 8 + (-13 - (-82 + (9 - -35)))?
33
What is 46 + -21 + 15 + -26?
14
-147 + 183 + -3 + 49
82
Evaluate (38 - 1) + (36 - (247 + -178)).
4
Evaluate 11 + -49 + (11 - 3) + -2.
-32
What is 9 + -25 + 1 + -7 + 66?
44
1 + 20 + 128 + -23 - (19 - 0)
107
Calculate 7 + (315 - 323) + (25 - -1).
25
-1 + (-50 + 11 - -52)
12
Evaluate -94 + 1 - (18 - 7 - (5 - (-12 - -19))).
-106
Evaluate 71 + (-12 - -6) - (8 + -35).
92
-2 + ((-14 - (-4 - 0)) + -1 - (-144 - -142))
-11
Evaluate 326 + -327 + (-5 + -1 - (8 + 40)).
-55
Calculate 0 + -38 + -885 + 918.
-5
Evaluate 7 + 1 + (-98 - -88) + -25.
-27
(2 - 1) + -14 + 76 - (-8 - (2 + -3))
70
(1 + 9 - (-8 - (-9 - -3))) + 3 + 2
17
Evaluate 40 + -23 - (3 + (10 - 4)).
8
What is (-26 - 1 - -12) + (7 - 0 - 55)?
-63
Evaluate -5 + (38 - -57) - 41.
49
What is the value of (5 - 16 - -16 - 2 - 8) + 8?
3
Evaluate 31 - (2 + -2 - ((-11 - 17) + 25)).
28
What is 43 - (52 + 13 + -53)?
31
What is 63 + -68 + -48 - (0 - (2 + 1 + 10))?
-40
(42 - 88) + 11 - (21 + -4)
-52
What is 5 + -19 + (-18 + 9 - -20) + -13 - 9?
-25
Calculate (-85 - -19) + 51 + 74 + -1.
58
Evaluate (-38 + -6 - 3) + -16.
-63
Evaluate 1 - ((-11 - -9) + (-8 - (5 - 16))).
0
Calculate (-99 - -52) + -9 + (3 - -5).
-48
Evaluate (-1 - (-21 + 15)) + -18 - (-62 + 14).
35
What is the value of (-12 - (-11 + -13)) + 15 - (1 - 5)?
31
What is 316 + -307 + -31 + 4?
-18
Calculate (68 - (-12 + -5)) + 1 + (-4 - (6 - 0)).
76
Evaluate -100 + (-10 - 28 - -145).
7
What is (17 + -9 - -22) + 2 - 21?
11
What is 65 + 6 - (8 + -1 - (7 + (-46 - -34)))?
59
What is (5 - (16 + -4)) + (0 - -5) + (4 - 5)?
-3
Calculate -70 + -1 + (-11 - -2 - (5 - 11)) + 13.
-61
Calculate -44 + -15 + 77 - 7.
11
Evaluate 4 + (-2 - 16) + (42 - (-2 - 36)) - 5.
61
Calculate 18 + -79 + 85 - -7.
31
What is (83 + 26 - 100) + 51?
60
What is the value of -916 + 919 + -32 + 0?
-29
What is 49 + -26 + 17 + -13 + 10?
37
Evaluate -35 - (17 + -82) - (-14 - -3).
41
-4 + 10 + (-17 + 29 - 16 - 76)
-74
(-14 + 7 - (-3 + 26)) + 8
-22
Evaluate -42 - 26 - -58 - (4 - (4 + -3 - 5)).
-18
Calculate -13 + (-11 - -2 - -17) + -18 + (16 - 6).
-13
What is 49 - -11 - (-38 + 99)?
-1
What is -18 + (158 - 162 - (10 + -1))?
-31
What is 2 - (42 + 22 + -63 - (1 - 2 - -2))?
2
22 + 52 + -58 + (2 - (5 - 22))
35
What is -134 - ((120 - 68) + -117)?
-69
What is 43 + -1 + (13 + -14 + -12 - -21) - 9?
41
What is 3291 + -3337 - (-25 - -1)?
-22
Calculate 15 + -4 + -4 - (-1 + 2 + 0 + 1).
5
What is the value of (-26 + 48 - (-2 - 7)) + -6?
25
(3 - 4) + 96 + -29 + -2
64
What is 123 + -73 - (21 - 6)?
35
Evaluate (53 + 4 - 33) + -47.
-23
(-1719 - -1716) + (74 - 2)
69
Calculate -7 + 37 - (7 + -25).
48
What is the value of 9 + (-4 - (5 + (16 - -7))) + 7?
-16
What is the value of (-314 - -330) + 3 + (1 - -5) + -27?
-2
-4 - ((-7 - 0) + 2 + -4 + 43)
-38
What is the value of -31 + 2 + (-995 - -1032)?
8
Calculate (-5 + -9 - (19 - 82)) + (3 - 25).
27
What is the value of (312 - -74 - 295) + (-1 - 0 - 8)?
82
What is 33 + (-32 - (-3 + -43 + 15) - (-11 - 1))?
44
Calculate -5 + (-2 - -2) + 8 + 34 + 13.
50
What is 33 - 15 - (-2 + 10 + 71)?
-61
Calculate 1403 - 1368 - (50 + -4).
-11
What is -2 + -2 + -21 + 36 + 27?
38
Evaluate 8 - ((81 - 90) + (15 - -6) + -3 + 5).
-6
What is the value of -42 + -32 + 320 + -225?
21
Calculate 2 - (-3 - -3) - (2 + -7) - (-686 + 747).
-54
Evaluate -20 + 1 + -91 + (-34 - -94) + -59.
-109
(312 - 401) + 4 + 37
-48
Evaluate 32 + -22 + -8 + 19.
21
Calculate (164 - (-58 - -165)) + 1 + 4.
62
What is 9 + (-37 - -48 - (0 - -20)) + (-30 - 1)?
-31
Evaluate 21 + -14 + -79 + 1 + (-2 - -18 - 19).
-74
Calculate 151 + (8 - 150) - 112.
-103
What is -13 + 0 + 130 + -48 + -59?
10
What is (99 + -93 - (-1 - -1)) + -5 + (5 - 70)?
-64
What is 49 - ((26 - (2 - -25)) + (5 - 2) + -9)?
56
What is 6363 + -6303 - (-1 + 111)?
-50
What is (58 - 16) + (-1 - 14 - 8)?
19
What is the value of (13 - (38 + -32)) + (6 - 2) + -60?
-49
(1 - 9) + (-9 - (18 - (28 + -1)))
-8
Evaluate 20 + -12 + (-23 - -20 - 87) - -13.
-69
What is (2 - -58 - 4) + -24?
32
Calculate (1 - -37) + (2270 - 2281) + -7.
20
(6 - 14 - -3) + (0 - 13 - (-208 + 202))
-12
What is -6 - -2 - -38 - ((30 - 1) + -28)?
33
What is ((16 - 53) + 21 - -1) + 9?
-6
Evaluate -2 + 51 + (-63 - -60).
46
What is 13 + 33 + -22 + -111 - -20?
-67
What is (-1774 - -1750) + -17 + -3?
-44
What is the value of 7 - -54 - (182 - 90)?
-31
What is the value of (25 - 0 - (202 + -186)) + -41 + 3 + -5?
-34
What is the value of 7 + 10 + -36 - 7 - -46?
20
(60 - 97 - (-28 + -1)) + -55 + 2
-61
(-118 + 135 - 55) + 37
-1
What is -4 + 39 + -40 + -4 - (4 - 0) - 63?
-76
What is -37 + 8 + (60 - 103)?
-72
Evaluate 1336 - 1278 - (6 - 4 - (-1 + 10 + 0)).
65
Evaluate -2 - -2 - ((40 - 27) + -6).
-7
Calculate 3 + (-54 + 8 - 5 - 8) - (26 + -25).
-57
Calculate (3 - 40) + 1466 + -1511.
-82
Calculate (12 - ((-5 - -1) + (6 - 0))) + (-56 - 31).
-77
What is the value of 6 + (-4 - -40) + 37 - -34?
113
-9 - (-9 - -10) - (-38 - (6 - -42))
76
0 + -1 - (-2 + 2) - (-271 + 363 - 150)
57
Evaluate 65 + (1 - -5) + -54 + 10.
27
Evaluate 7 + (-14 - -16 - (-5 + 3)) + 25.
36
What is the value of 94 + -78 + 60 + -28?
48
5 + 0 - 0 - 13 - (52 + -3 + -49)
-8
What is (1392 - 1394) + (8 - (6 + 5 + -5))?
0
Evaluate 13 - ((-14 - 16) + 39).
4
Evaluate -3 - (0 + (1 - -25)) - (-164 + 253 + -83).
-35
0 + -3 + -27 + 15 + 28 + 0
13
What is (-16 - (14 - (41 + -5 + 8))) + 43?
57
Calculate 55 - (-15 - (-36 + 13 + -2 + 13)).
58
Evaluate (-19 + 8 - -21) + -1 + (-2 - 79 - -4).
-68
41 + -11 - (-193 - -254)
-31
What is (42 - (-9 - -5)) + (32 - 18) + 1 + 1?
62
-34 + -21 - (-16 + -2)
-37
What is 176 - 224 - (-94 + 15)?
31
Calculate 130 - ((29 - (-8 - -33)) + -21 - -34).
113
(39 - (46 - (87 + -1))) + 20
99
Evaluate -6 + 16 + (-25 - -14) + -26.
-27
Evaluate 97 + (-25 - 3) + (307 - 307).
69
Calculate (-131 - -85 - 61) + 2.
-105
Evaluate 37 - (49 - (-33 - 4)).
-49
What is the value of -5 + 1 - (-384 - -317)?
63
What is 8 - 42 - (-4 + (-2 + -9 - (45 - 64)))?
-38
What is the value of (4 - -43) + -44 + (-6 - -5 - (1 + 50))?
-49
(6 + -5 - 0) + (-10 - -3 - (-22 - -5))
11
-1 - -5 - (-17 + (-6 - -4) + 15 - 28)
36
What is the value of (18 - 36 - ((-13 - -2) + 3)) + 0 + 88?
78
What is the value of -20 - 74 - (-11 + 6 + 0 + 17 + -1)?
-105
What is -44 + 6 + (70 - 21)?
11
What is the value of ((-16 - -25) + -20 - -97) + -24?
62
What is the value of 2 - (11 - (80 - 92 - (-4 + 0 + 59)))?
-76
-72 - -36 - (-8 + -2) - 8
-34
-486 - -472 - (5 + -6 - 45)
32
Evaluate 9 + (11 - 64) + (4 - 32 - -10) + 10.
-52
What is the value of 5 + 25 + (-81 - 36 - -56)?
-31
What is the value of 52 + 2 - (-645 + 657)?
42
55 + -11 + 1 + (37 - 32 - (4 + -1))
47
-77 + 44 - -94 - 114
-53
What is 4 + (-106 - -56) + 56?
10
Calculate 2190 - 2144 - (-1 - -91).
-44
Calculate -33 - (-4 + 3 + (-11 - -29)).
-50
Calculate -39 - 94 - -128 - (-7 + 0).
2
What is the value of (-493 - -494) + -3 + -1 - -13 - -11?
21
Evaluate (-2 - (0 + 0)) + 1 + 268 + 228 + -495.
0
Evaluate (-7 - -6 - 3) + (57 - 3 - (46 - 54)).
58
What is the value of -1 + (-5 - (-37 + -3)) + 4 + 4 + 4?
46
Calculate (119 - 95) + (-17 - -7).
14
-18 + 17 + 4 - (-2 + -5 + 1) - -51
60
Evaluate -48 + -40 + (-12 - -117).
17
8 + -42 - 9 - -49
6
What is 48 - (4 - -8) - (81 - 100)?
55
7 - ((1 - 52) + 4 + (-8 + -1 - -7))
56
Calculate -30 + ((-22 - 7) + -6 - -52).
-13
(-9 - -46) + 4 + 1 + -19 + 13 + 10
46
What is 18 - 12 - (-39 - -22 - -92 - -11)?
-80
What is the value of -6 + 4 + 3 + -3 - (-132 - -70)?
60
What is (-6 - -5 - -20) + -14 + (23 - -22)?
50
-38 - ((14 + -38 - -14) + 8) - (-2 + 2)
-36
Evaluate 31 + (-126 - -12) - (8 + 8) - (-1 - 9).
-89
-52 + -17 + 65 + 50
46
0 + 9 - (40 - (34 - (8 + 10)) - 98)
83
Evaluate 11 + 27 - -9 - (6 + -1).
42
Calculate (-4 - -8) + (0 + -28 - -61).
37
-2 - 2 - (-1 - ((23 - 3) + -11))
6
Calculate -4 + 2 + 2 + -6 + 20.
14
Calculate 30 + -190 - (1 + 15 + (-8 - 15)).
-153
Calculate 53 + (-13 + 90 - 67).
63
Calculate -5 + 3 - (-59 + 20 - -21).
16
What is the value of 2 + -46 - -2 - (-124 - (-15 + -112))?
-45
Calc